v + 18 = y. Calculate the remainder when 6 is divided by v.
2
Let s = 17 + -43. Let q = s - -46. What is the remainder when 38 is divided by q?
18
Suppose -4*h + 191 = -285. Calculate the remainder when h is divided by 30.
29
Let x(p) = -2*p + 2. Let y be x(-4). Let m = 2 + 0. What is the remainder when (6/5)/(4/y) is divided by m?
1
Let h = -13 + 21. Suppose -4*a + 2*u - 3 = -53, 4*a - u - 53 = 0. What is the remainder when a is divided by h?
6
Let r(s) = -s + 8. Let k be r(5). Suppose k*z - 8*z = -190. What is the remainder when z is divided by 13?
12
Let z(p) = p**3 - 15*p**2 + 3*p - 17. What is the remainder when z(15) is divided by 10?
8
Let g(y) = -2*y**2 - 2 - 4 + 5 - 3*y**3 + y + 0*y. Calculate the remainder when 37 is divided by g(-2).
11
Let k be (10/(-4))/(1/(-2)). Suppose 252 = -g + k*g. What is the remainder when g is divided by 16?
15
Let w be (60/(-9))/((-2)/9). Suppose -p - w = -6*p. Suppose 3*i - p*v - 126 = -3*v, 3*i + 4*v = 154. What is the remainder when i is divided by 16?
14
Let q(m) = -m + 13. Let b be q(10). Calculate the remainder when 14 is divided by 6 - (b + -2) - 1.
2
Let l = 264 - 94. Suppose -7*m = -2*m + l. Let x = m - -56. Calculate the remainder when x is divided by 12.
10
Suppose 0*w + w - 12 = 3*v, -5*w + 60 = 3*v. Suppose w*a - 7*a = 10. Calculate the remainder when 3 is divided by a.
1
Suppose 0 = 2*v + v - 3*u - 60, 57 = 3*v - 2*u. Suppose 5*b - 25 = -0*b. Calculate the remainder when v is divided by b.
2
Let t = 48 - -38. Calculate the remainder when t is divided by 8.
6
Let r(j) = j**2 + 7*j - 6. Let n be r(-8). Suppose -n*k + 125 = 2*k + 5*w, -2*k + 2*w + 40 = 0. Calculate the remainder when k is divided by 9.
7
Let q(f) = f**2 + 9*f + 9. What is the remainder when 5/(10/72) + 0 is divided by q(-10)?
17
Let w be (-328)/(-6) - (-1)/3. Let v = w + -31. What is the remainder when v is divided by 5?
4
What is the remainder when ((-172)/12)/((-2)/6) is divided by 16?
11
Suppose 2*g = 4*f - 0*f + 30, g - 15 = 4*f. Let x(q) = 0*q**3 + q**3 + 11*q - 5 + 14 - 10*q**2. What is the remainder when x(9) is divided by g?
12
Let x = -133 - -214. Calculate the remainder when x is divided by 21.
18
Let l = 27 + -19. Let h(n) = -n**3 + 7*n**2 + 7*n + 14. What is the remainder when 23 is divided by h(l)?
5
Suppose 3*b - 22 = -73. Let w = b + 31. Let k = 27 - 19. Calculate the remainder when w is divided by k.
6
Let h(s) = -s - 1. Let m(k) = -7*k - 9. Let c(a) = 6*h(a) - m(a). Let b be c(7). Suppose 4*o - 26 = -b. What is the remainder when 11 is divided by o?
3
Suppose -4*y - 3*t - 2*t = -56, 4*t = -3*y + 42. Let u(f) = 4*f - 15. What is the remainder when u(10) is divided by y?
11
Suppose -4 = -5*s + 6. What is the remainder when 2 is divided by s?
0
Suppose 5*q = 4*n + 145, 4*n = 3*q - n - 100. Calculate the remainder when q is divided by 7.
4
Let v be ((-8)/(-12))/(-1)*-90. Let j = -27 + v. Calculate the remainder when j is divided by 9.
6
Suppose 78 = -4*c - 126. Let k = 31 + -50. Let l = k - c. What is the remainder when l is divided by 17?
15
Suppose 4 = -0*x + x. What is the remainder when 73 is divided by (-2)/x*150/(-3)?
23
Suppose 0 = -3*r + 62 + 28. Calculate the remainder when r is divided by 16.
14
Let w(l) = -3. Let x(b) = b + 3. Let o(g) = 2*w(g) + 3*x(g). Calculate the remainder when 52 is divided by o(5).
16
Suppose 2*k = 22 + 2. What is the remainder when 32 is divided by k?
8
Suppose -32 = -2*m + 128. Suppose 0 = 5*n - 5*t - m, n = 5*n - 2*t - 60. Calculate the remainder when 25 is divided by n.
11
Let u(t) = 4*t**2 + 3*t - 3. Let s be 3 - 3 - 2 - -4. Calculate the remainder when u(s) is divided by 7.
5
Let r(j) = j**2 + 3*j - 3. Let t be r(-6). Suppose -2*q + 6 = -q. Calculate the remainder when q is divided by (-1)/(-5) + 57/t.
2
Let i(g) = -g + 3. What is the remainder when 42 is divided by i(-8)?
9
Suppose -z = -4*z + 9. Let r(j) = 5*j - 1. Let i be r(1). Suppose 26 = 5*h - i*o, 3*h - o - 2*o = 18. Calculate the remainder when z is divided by h.
1
Let x = -24 + 27. Let u(h) = -1. Let y(b) = b**2 - 4*b + 5. Let s(a) = -3*u(a) - y(a). What is the remainder when s(x) is divided by 1?
0
Let a(t) = t**2 + 7*t - 6. Let b(u) = u**3 - 7*u**2 + 4*u + 4. Let o be b(6). What is the remainder when 2 is divided by a(o)?
0
Let h(l) = l**3 - 4*l**2 + l - 6. Let v be h(5). Let a = 14 + v. Calculate the remainder when a is divided by 20.
18
Let a(r) = 7*r - 21. Calculate the remainder when 55 is divided by a(5).
13
Let s = 112 + -59. What is the remainder when s is divided by 11?
9
Let i be -1 + -2*(-1)/2. Let z(d) = d**3 - 5*d**2 - 2. Let f be z(5). What is the remainder when 2 is divided by (i - f)*(-2)/(-4)?
0
Let g = 71 - 61. Calculate the remainder when 58 is divided by g.
8
Calculate the remainder when 66 is divided by (-15)/(-20) - (-178)/8.
20
Suppose 0 = 4*c + 5*z - 47 + 6, 2*z - 10 = 0. Suppose -3*s - 39 = -6*s. Calculate the remainder when (74/c)/(2/4) is divided by s.
11
Let w(u) = u**2 + 11*u - 31. Calculate the remainder when 86 is divided by w(-15).
28
Let v(u) be the second derivative of u**3/2 - u**2/2 - 2*u. Let d be v(1). Suppose -6*c = -d*c - 260. What is the remainder when c is divided by 22?
21
Let o = 10 - 13. Let n = 8 - o. What is the remainder when 32 is divided by n?
10
Let r(f) = 6*f - 16. What is the remainder when r(3) is divided by 2?
0
What is the remainder when 141/6 + 1/(-6)*3 is divided by 2?
1
Let l(g) = -g**3 - 7*g**2 + 10*g + 10. Let f be l(-8). Let v be (6 + 3)/(f/(-40)). Suppose 4*z + v = 8*z. What is the remainder when 43 is divided by z?
13
Let k = 22 - 10. Suppose -5*u + p - 1604 = -0*u, 5*u + 1607 = -2*p. What is the remainder when u/(-9) + (-2)/3 is divided by k?
11
Let r(h) = 11*h - 57. Calculate the remainder when 46 is divided by r(7).
6
Let c = 15 - -20. What is the remainder when c is divided by 18?
17
Suppose 2*x + 7*p - 2*p - 94 = 0, -p = 4*x - 170. Let w = x - 29. Let m(c) = c**3 - 4*c**2 + 8*c + 9. What is the remainder when m(3) is divided by w?
11
Let x = -1 - 3. Calculate the remainder when 59 is divided by (-2)/(x/60*2).
14
Let s = -19 - -28. Calculate the remainder when 43 is divided by s.
7
Let d = -35 - -39. What is the remainder when 5 is divided by d?
1
Suppose -74*g + 71*g = -45. Calculate the remainder when 44 is divided by g.
14
Suppose -x - 4*x = 5. Let b = x - -3. Calculate the remainder when 4 is divided by b.
0
Let l = 15 - 5. Calculate the remainder when 48 is divided by l.
8
Let n be 27/4 + (-1)/(-4). Let r = -5 + n. What is the remainder when r is divided by 1?
0
Let g be (-25)/2*(-5 - -7). Let y = -10 - g. Calculate the remainder when y is divided by 6.
3
Let a = -62 + 88. Let l = 24 + -17. Let s = 0 + l. What is the remainder when a is divided by s?
5
Let x = 209 + -92. Calculate the remainder when x is divided by 40.
37
What is the remainder when 63 is divided by 0 - -1*(13 + -2)?
8
Let z = -14 + 24. Let u = -7 - -11. Suppose -z = -u*i + 42. What is the remainder when i is divided by 7?
6
Let s be 2/8 + (-223)/(-4). Suppose 6*o = 2*o + s. What is the remainder when 26 is divided by o?
12
Let h be ((-6)/(-9))/(2/15). Suppose -3*b + 2 = -7. Suppose 0 = -2*q + h*d + 73, -b*q + 21 + 26 = 5*d. What is the remainder when q is divided by 13?
11
Let g(t) be the third derivative of -t**6/120 - t**5/12 + t**4/4 + 5*t**3/6 - 3*t**2. What is the remainder when 8 is divided by g(-6)?
3
Let g(c) = -c. Suppose 5*h - 64 + 14 = 0. What is the remainder when h is divided by g(-4)?
2
Suppose -2*v = 3*j - 60, 12 + 0 = 3*j. Let h(z) = 10*z**2 + 4*z - 2. What is the remainder when h(2) is divided by v?
22
Suppose 14 = 4*m - 2. Calculate the remainder when (25/3 - 1)/((-10)/(-15)) is divided by m.
3
Calculate the remainder when 51 is divided by (-6 - -4)*21/(-3).
9
Let g(s) = 2*s**2 + 13*s + 12. Calculate the remainder when 73 is divided by g(-7).
16
Let h(r) = 7*r**3 + 4*r - 3. Let d(v) = v + 11. Let w be d(-9). Calculate the remainder when h(w) is divided by 21.
19
Let m be (-6)/(-3)*-2 + 9. Suppose -l - 2*w + 10 = -w, 5*w = m*l - 40. What is the remainder when 42 is divided by l?
6
Suppose -l + 51 = -5*d, -5*l + 5*d + 139 + 76 = 0. Let t(z) = -5*z - 19. Let u be t(0). Let s = l + u. What is the remainder when s is divided by 8?
6
Suppose -3*q + 5 = -10. S